
True
Is 2446 a factor of 345138608?
False
Is 367175214 a multiple of 51?
True
Does 10 divide 537586490?
True
Does 7 divide 921377?
False
Is 4 a factor of 10604639?
False
Is 16 a factor of 1600837036?
False
Is 43649253 a multiple of 40?
False
Is 57 a factor of 113313128?
False
Is 218426928 a multiple of 1164?
True
Is 128 a factor of 72570057?
False
Is 10840074 a multiple of 80?
False
Does 258 divide 109262742?
True
Does 240 divide 1450560?
True
Is 16 a factor of 19146814?
False
Is 16 a factor of 58651572?
False
Is 38865233 a multiple of 3154?
False
Is 11353563 a multiple of 21?
False
Is 39339200 a multiple of 1632?
False
Does 247 divide 1131267366?
False
Does 1268 divide 95315256?
False
Does 702 divide 1352006?
False
Is 31789813 a multiple of 47?
True
Does 9 divide 24508670?
False
Does 2383 divide 114039522?
False
Is 325079904 a multiple of 96?
True
Is 222 a factor of 421373614?
False
Is 22 a factor of 33418000?
True
Is 373854504 a multiple of 8?
True
Does 196 divide 2351230996?
False
Is 1795 a factor of 132424330?
True
Does 1610 divide 415357764?
False
Is 12628997 a multiple of 263?
True
Is 43334940 a multiple of 2820?
True
Does 136 divide 97332616?
True
Is 1740 a factor of 4713835740?
True
Does 86 divide 1177499100?
True
Is 60 a factor of 13155889?
False
Is 5921373 a multiple of 23?
True
Does 12 divide 1813691?
False
Is 77 a factor of 19251915?
False
Is 32 a factor of 3331145?
False
Is 1640450383 a multiple of 13?
True
Is 559411424 a multiple of 22?
True
Is 46748303 a multiple of 1345?
False
Does 262 divide 2494885568?
True
Does 1350 divide 191936726?
False
Is 1516777501 a multiple of 653?
False
Does 10 divide 35282577?
False
Is 2985 a factor of 13833020?
False
Is 36 a factor of 405896580?
True
Is 3351273450 a multiple of 959?
True
Is 1479 a factor of 70915036?
False
Is 2834 a factor of 3978936?
True
Is 148909488 a multiple of 8?
True
Does 26 divide 8155079842?
True
Does 265 divide 34674164?
False
Is 430 a factor of 190544180?
True
Does 5400 divide 199801388?
False
Is 2 a factor of 364026776?
True
Is 2888 a factor of 16035469?
False
Is 45367764 a multiple of 2395?
False
Does 7183 divide 184172120?
True
Does 98 divide 36850797?
False
Does 67 divide 8431213?
True
Is 319348041 a multiple of 15?
False
Is 328 a factor of 166647705?
False
Does 13 divide 93893253?
False
Is 14493007 a multiple of 388?
False
Does 1198 divide 12173164?
False
Does 2678 divide 165974406?
True
Does 100 divide 1051688200?
True
Does 176 divide 113278880?
True
Is 171355170 a multiple of 75?
False
Is 11554975 a multiple of 16?
False
Is 1541852063 a multiple of 1277?
False
Is 2952825330 a multiple of 138?
True
Is 127128113 a multiple of 180?
False
Is 21 a factor of 48297186?
True
Is 3053503 a multiple of 4?
False
Does 789 divide 24924598?
False
Is 15 a factor of 37255740?
True
Is 259467258 a multiple of 896?
False
Does 27 divide 99339361?
False
Is 23 a factor of 203148946?
False
Is 4 a factor of 38037973?
False
Does 305 divide 390645830?
True
Is 133 a factor of 5378949?
False
Is 5242904697 a multiple of 3482?
False
Does 15 divide 34048065?
True
Does 31 divide 256648690?
True
Does 9867 divide 4580387568?
False
Does 760 divide 1050973527?
False
Does 20 divide 86889600?
True
Is 97222413 a multiple of 16?
False
Is 9089732 a multiple of 244?
True
Does 193 divide 18921992?
False
Does 256 divide 3216691200?
True
Is 11 a factor of 25206016?
True
Is 337 a factor of 3345168304?
False
Is 914486836 a multiple of 1933?
True
Is 496 a factor of 16598144?
True
Does 8 divide 7623448?
True
Is 479 a factor of 1414928891?
False
Is 18 a factor of 6621445?
False
Is 8026308 a multiple of 6?
True
Does 23 divide 1090288485?
False
Is 2117136685 a multiple of 10136?
False
Is 164862795 a multiple of 829?
False
Is 24191282 a multiple of 34?
False
Is 78026 a multiple of 8?
False
Is 14726401 even?
False
Is 65 a factor of 16240826?
False
Is 131232943 a multiple of 31?
False
Is 40 a factor of 2148894240?
True
Is 359 a factor of 8813809?
True
Is 67815341 a multiple of 83?
False
Is 3968798580 a multiple of 510?
True
Is 18088068 a multiple of 17?
True
Is 1032 a factor of 43654385?
False
Is 262309669 a multiple of 29?
True
Is 81 a factor of 36678152?
False
Is 1210655324 a multiple of 2452?
False
Is 279 a factor of 209054142?
True
Does 17 divide 302391070?
True
Does 195 divide 6278076?
False
Is 9839160 a multiple of 1359?
True
Is 756151404 a multiple of 23?
True
Is 1466 a factor of 20246926?
True
Is 550554896 a multiple of 8?
True
Is 24334070 a multiple of 172?
False
Is 21 a factor of 11052759?
False
Does 397 divide 26562873?
True
Is 339334277 a multiple of 31?
True
Is 794020562 a multiple of 146?
True
Is 82318904 a multiple of 8?
True
Is 21897579 a multiple of 22?
False
Is 374 a factor of 264370891?
False
Does 4 divide 119641875?
False
Does 239 divide 679838368?
True
Does 14 divide 18945542?
True
Does 31 divide 43226214?
True
Is 104 a factor of 297032736?
True
Is 12 a factor of 1187467169?
False
Is 129 a factor of 4487523?
True
Does 94 divide 1970379590?
True
Does 32 divide 4224270?
False
Is 101165702 a multiple of 4?
False
Is 13646338 a multiple of 298?
False
Is 1015 a factor of 1458565609?
False
Is 180 a factor of 6514205?
False
Is 207336840 a multiple of 587?
False
Is 39 a factor of 120809793?
True
Does 10191 divide 958259730?
True
Does 1474 divide 24814023?
False
Does 2418 divide 21450078?
True
Does 285 divide 192160965?
True
Is 30393362 a multiple of 4?
False
Is 55 a factor of 520450425?
True
Is 50 a factor of 141097637?
False
Is 20 a factor of 831096740?
True
Is 1348 a factor of 7715952?
True
Is 318 a factor of 28476264?
True
Is 417 a factor of 40369511?
False
Is 2081 a factor of 452365699?
True
Is 6 a factor of 173994341?
False
Is 13 a factor of 2882361638?
True
Is 498504473 a multiple of 129?
False
Is 11 a factor of 59296633?
True
Does 574 divide 1725988?
False
Is 25709760 a multiple of 40?
True
Is 3684 a factor of 19753608?
True
Does 8 divide 400889639?
False
Is 131 a factor of 906761433?
True
Is 2049 a factor of 14732310?
True
Is 99 a factor of 6834663?
True
Is 189855018 a multiple of 28?
False
Is 1895 a factor of 71483190?
True
Is 1733943455 a multiple of 114?
False
Is 929481931 a multiple of 124?
False
Does 7 divide 155043403?
False
Is 120488372 a multiple of 55?
False
Does 1527 divide 581109012?
True
Is 38940007 a multiple of 26?
False
Is 492744902 a multiple of 11?
False
Is 700176354 a multiple of 93?
True
Does 22 divide 377603402?
True
Does 66 divide 72034710?
True
Is 55711971 a multiple of 427?
True
Is 2 a factor of 131057450?
True
Does 69 divide 72783960?
True
Is 30 a factor of 8484090?
True
Does 38 divide 574221861?
False
Is 257 a factor of 105385489?
False
Does 18 divide 55638512?
False
Does 376 divide 126482264?
True
Is 14 a factor of 15506011?
False
Is 82896975 a multiple of 13?
False
Does 411 divide 11907492?
True
Does 1311 divide 137965707?
True
Does 22 divide 7620862?
False
Is 241 a factor of 89984841?
False
Does 1400 divide 153164200?
True
Is 311 a factor of 218551619?
False
Is 28705144 a multiple of 104?
True
Is 10 a factor of 428847122?
False
Does 2750 divide 71566000?
True
Is 105 a factor of 175651455?
True
Is 3652 a factor of 252889966?
False
Does 1013 divide 16202935?
True
Does 4144 divide 3252453744?
False
Does 11 divide 301839540?
False
Does 292 divide 8120752140?
True
Is 472471209 a multiple of 21?
True
Is 316188656 a multiple of 308?
False
Is 6 a factor of 1882226?
False
Is 58082719 even?
False
Is 672999898 a multiple of 2576?
False
Does 6329 divide 2838240050?
True
Does 9 divide 14302386?
True
Does 1717 divide 36810763?
True
Is 489 a factor of 511675908?
True
Does 1276 divide 712241508?
True
Is 57066717 a multiple of 331?
True
Does 13 divide 491128417?
True
Is 14282202 a multiple of 66?
True
Is 20998098 a multiple of 6?
True
Is 2493 a factor of 596734926?
False
Is 124386892 a multiple of 3332?
True
Is 531 a factor of 1831950?
True
Does 3238 divide 105628142?
False
Is 30637636 a multiple of 1898?
False
Does 58 divide 323959522?
True
Is 2 a factor of 3988705?
False
Is 1897242984 a multiple of 2379?
True
Is 44 a factor of 264658152?
True
Does 160 divide 307430560?
True
Is 2417570 a multiple of 17?
True
Does 1641 divide 1619251320?
False
Is 31 a factor of 4218002?
False
Does 2